rs of 650741291.
650741291
List the prime factors of 1174078961.
11, 79, 1351069
List the prime factors of 24472759.
23, 47, 22639
What are the prime factors of 4440771904?
2, 727, 95443
What are the prime factors of 198074622?
2, 3, 33012437
List the prime factors of 1047304962.
2, 3, 11, 5289419
What are the prime factors of 82471245?
3, 5, 5498083
What are the prime factors of 111896651?
431, 259621
What are the prime factors of 202707402?
2, 3, 1193, 28319
List the prime factors of 9857647.
9857647
List the prime factors of 23201734.
2, 11600867
What are the prime factors of 3159865566?
2, 3, 11, 13, 19, 2393
List the prime factors of 1660912597.
17, 97700741
What are the prime factors of 771245200?
2, 5, 11, 23, 7621
List the prime factors of 36067241.
7, 5152463
What are the prime factors of 112066308?
2, 3, 89, 131
List the prime factors of 922550065.
5, 53, 3481321
What are the prime factors of 2382935125?
5, 23, 31, 26737
What are the prime factors of 200780569?
11, 47, 83, 4679
List the prime factors of 2187427367.
41, 53351887
What are the prime factors of 3373017354?
2, 3, 7, 163, 164233
List the prime factors of 880600270.
2, 5, 11, 61, 263, 499
What are the prime factors of 2653209589?
41, 64712429
What are the prime factors of 31211928?
2, 3, 11, 39409
What are the prime factors of 1184746309?
29, 40853321
What are the prime factors of 3705247295?
5, 2251, 329209
List the prime factors of 3450381.
3, 11, 19, 5503
What are the prime factors of 80729852?
2, 7, 29, 2029
What are the prime factors of 753818609?
173, 233, 18701
What are the prime factors of 72008004?
2, 3, 107, 56081
What are the prime factors of 157298535?
3, 5, 17, 205619
What are the prime factors of 144159725?
5, 29, 198841
List the prime factors of 382364422.
2, 11, 163, 106627
What are the prime factors of 1249828517?
7, 178546931
What are the prime factors of 83913222?
2, 3, 59, 237043
What are the prime factors of 5906028?
2, 3, 463, 1063
List the prime factors of 306448023.
3, 7, 37, 181, 2179
List the prime factors of 147566942.
2, 23, 1193, 2689
What are the prime factors of 72987829?
131, 557159
List the prime factors of 1249414266.
2, 3, 31, 6717281
What are the prime factors of 82959455?
5, 16591891
List the prime factors of 687056420.
2, 5, 61, 233, 2417
List the prime factors of 183927910.
2, 5, 18392791
What are the prime factors of 196004672?
2, 109, 28097
What are the prime factors of 44751926?
2, 22375963
What are the prime factors of 317011498?
2, 158505749
What are the prime factors of 60166217?
19, 3166643
What are the prime factors of 3556523?
3556523
List the prime factors of 5747399.
7, 821057
List the prime factors of 2087887354.
2, 7, 21304973
What are the prime factors of 26947207?
7, 549943
List the prime factors of 4591489144.
2, 11, 139, 375367
What are the prime factors of 7506421730?
2, 5, 750642173
What are the prime factors of 3951291248?
2, 31, 1171, 6803
What are the prime factors of 317416118?
2, 37, 67, 73, 877
What are the prime factors of 5585401999?
2237, 2496827
What are the prime factors of 139456540?
2, 5, 6972827
What are the prime factors of 242662623?
3, 7, 19, 608177
List the prime factors of 197115921.
3, 21901769
List the prime factors of 23424039.
3, 53, 16369
List the prime factors of 76467251.
7, 181, 60353
List the prime factors of 818597558.
2, 19, 29, 67, 11087
List the prime factors of 311709022.
2, 19, 2011, 4079
What are the prime factors of 1143651095?
5, 829, 275911
List the prime factors of 89181087.
3, 67, 443687
What are the prime factors of 89502011?
2251, 39761
List the prime factors of 390344569.
19, 23, 893237
List the prime factors of 2741623703.
7, 13, 461, 65353
List the prime factors of 182506992.
2, 3, 3802229
List the prime factors of 1843169928.
2, 3, 223, 241, 1429
What are the prime factors of 357933125?
5, 11, 4733
List the prime factors of 1044315427.
10079, 103613
What are the prime factors of 580501891?
580501891
What are the prime factors of 3113673?
3, 43, 24137
List the prime factors of 77368278.
2, 3, 13, 991901
List the prime factors of 79973654.
2, 83, 481769
List the prime factors of 8114878.
2, 193, 21023
What are the prime factors of 873346985?
5, 7, 43, 53, 10949
What are the prime factors of 263698148?
2, 7, 137, 68743
List the prime factors of 388073977.
17, 22827881
List the prime factors of 3255055433.
7, 17, 19, 211, 6823
List the prime factors of 45725445.
3, 5, 338707
List the prime factors of 698689108.
2, 13, 13436329
List the prime factors of 780370390.
2, 5, 78037039
What are the prime factors of 436822393?
7, 62403199
List the prime factors of 2506070724.
2, 3, 208839227
What are the prime factors of 21258410?
2, 5, 2125841
List the prime factors of 182231430.
2, 3, 5, 6074381
What are the prime factors of 74466793?
74466793
What are the prime factors of 1662577041?
3, 79, 683, 10271
List the prime factors of 26732829.
3, 19, 53, 8849
List the prime factors of 19062186.
2, 3, 11, 13, 1709
List the prime factors of 3087879286.
2, 17, 2087, 43517
What are the prime factors of 290908001?
827, 351763
What are the prime factors of 751735089?
3, 7, 31, 384913
List the prime factors of 1047513844.
2, 13, 20144497
What are the prime factors of 50095296?
2, 3, 29, 2999
List the prime factors of 209305342.
2, 503, 208057
What are the prime factors of 11791595?
5, 47, 50177
List the prime factors of 8415105847.
8415105847
List the prime factors of 142386581.
6473, 21997
List the prime factors of 802389279.
3, 131, 2041703
List the prime factors of 53571746.
2, 26785873
List the prime factors of 387238732.
2, 31, 3122893
What are the prime factors of 142411?
53, 2687
List the prime factors of 417888721.
417888721
List the prime factors of 10082157.
3, 3360719
List the prime factors of 246771015.
3, 5, 16451401
List the prime factors of 693922402.
2, 11801, 29401
What are the prime factors of 109125490?
2, 5, 1171, 9319
What are the prime factors of 161980675?
5, 17, 257, 1483
List the prime factors of 28671890.
2, 5, 13, 220553
What are the prime factors of 22374305?
5, 19, 235519
What are the prime factors of 43218671?
29, 1490299
List the prime factors of 4472814881.
31, 144284351
What are the prime factors of 8990402?
2, 1487, 3023
What are the prime factors of 4093668786?
2, 3, 3119, 218749
What are the prime factors of 542260028?
2, 127, 1067441
What are the prime factors of 24574888?
2, 13, 236297
What are the prime factors of 2466358005?
3, 5, 6899, 23833
What are the prime factors of 301397491?
301397491
What are the prime factors of 15321113?
1181, 12973
What are the prime factors of 814708798?
2, 407354399
What are the prime factors of 959960901?
3, 229, 311, 4493
List the prime factors of 400623.
3, 133541
List the prime factors of 26786523.
3, 19, 469939
List the prime factors of 4381176784.
2, 271, 1010419
What are the prime factors of 365685436?
2, 17, 5377727
What are the prime factors of 59325503?
29, 59, 34673
List the prime factors of 286219250.
2, 5, 1144877
What are the prime factors of 127797725?
5, 11, 541, 859
List the prime factors of 48736343.
48736343
What are the prime factors of 35996873?
11, 3272443
What are the prime factors of 158567954?
2, 79283977
List the prime factors of 1474810558.
2, 13, 877, 64679
List the prime factors of 157203508.
2, 7, 11, 510401
List the prime factors of 363669888.
2, 3, 53, 107, 167
What are the prime factors of 61096010?
2, 5, 6109601
List the prime factors of 86151385.
5, 17230277
List the prime factors of 728932043.
7, 107, 773, 1259
List the prime factors of 728570624.
2, 2845979
List the prime factors of 88294710.
2, 3, 5, 7, 19, 22129
List the prime factors of 6063142108.
2, 1515785527
List the prime factors of 8962569.
3, 7, 11, 479
List the prime factors of 4710746287.
13, 362365099
What are the prime factors of 618331960?
2, 5, 1093, 14143
List the prime factors of 8254015.
5, 7, 11, 1949
List the prime factors of 4965354928.
2, 310334683
What are the prime factors of 207532587?
3, 69177529
What are the prime factors of 1018892274?
2, 3, 103, 197, 8369
What are the prime factors of 95077246?
2, 11, 283, 15271
What are the prime factors of 4826383473?
3, 1608794491
What are the prime factors of 33215895